))/(4/84). Let w(j) = -77121 - j**3 + 77113 + 7*j + 2*j + 2*j**3 - 8*j**2 - j. Determine w(c).
-1
Let f(n) = 6*n - 90. Let u be ((-1)/10)/(9/(-18)) + 104/5. Give f(u).
36
Let k(y) = 77*y - 13. Let p(g) = 103*g - 14. Let o(r) = -4*k(r) + 3*p(r). What is o(-5)?
5
Let a(f) = 2*f - 10. Suppose -5*p = -o, -2*p = -2 - 0. Suppose 3*d - 31 = -3*h + 4*h, o*h + 12 = 2*d. Determine a(d).
12
Let v(m) = m**3 - 12*m**2 - 9*m + 3. Let z(f) = 2*f**3 - 23*f**2 - 18*f + 6. Let b = -428 - -424. Let j(t) = b*z(t) + 7*v(t). Determine j(9).
-3
Let n(z) = z**2 + 30*z - 47*z - z**3 + 2 + 19*z. Let y be n(3). Let o(a) = a**3 + 11*a**2 + 9*a + 9. Determine o(y).
19
Let x(r) = -2*r**3 - 8*r**2 + 16*r - 10. Let b(u) = 3*u**3 + 12*u**2 - 24*u + 14. Let g(o) = -5*b(o) - 8*x(o). Calculate g(-6).
-14
Suppose -48*k - 227 + 35 = 0. Let c(v) = v**3 + 5*v**2 + 6*v + 18. Determine c(k).
10
Let p(g) = g**2 - 8*g - 8. Suppose 63 = 2*l - 249. Suppose 0 = 18*z - 6 - l. Determine p(z).
1
Suppose 0 = -47*k + 776 - 682. Let g(h) be the first derivative of 1/3*h**3 + k*h**2 - 1 - 10*h. Give g(-7).
11
Let n(p) = p**2 + 16*p + 15. Let t = -15 - 1. Calculate n(t).
15
Suppose h = -4*j - 14, 5*h - j = 7 + 7. Let d(w) = -w**2 + 3*w + 37. Let b be d(0). Let c(z) = -b*z + 17*z**2 + 40*z - 19*z**2. What is c(h)?
-2
Let k(h) = 16*h + 299 + 28*h - 42*h - 57*h**2 - 299. Determine k(1).
-55
Let n(j) = 4 + j**2 - 10999*j + 5525*j + 5476*j. Let i(y) = y**2 - 4*y + 3. Let h be i(4). Give n(h).
19
Let x(b) = 2*b**3 - 10*b**2 + 7*b - 14. Let a(v) = v**3 - 5*v**2 + 3*v - 7. Let j(o) = 5*a(o) - 3*x(o). Suppose 0 = 332*z - 344*z + 60. Calculate j(z).
-23
Let x = -1991 + 1993. Let q(j) = -3*j**3 + 2*j**2 - 2*j + 3. Calculate q(x).
-17
Let g(o) = -7*o**2 - 10*o + 3*o**2 - 578 + 3*o**3 + 586 - 2*o**3. Determine g(6).
20
Let g = -73 - -75. Let y(q) = 3*q**g - 5*q**3 - 5*q - 19 - 4 - 16 - 12. Let w(k) = -2*k**3 + k**2 - 2*k - 17. Let d(n) = -8*w(n) + 3*y(n). Calculate d(0).
-17
Let w(p) = 14*p**3 + 4*p**2 - 3*p + 25. Let i(o) = 23*o**3 + 9*o**2 - 7*o + 49. Let a(j) = 3*i(j) - 5*w(j). Determine a(7).
-20
Let m(d) be the third derivative of -d**4/2 + 40*d**3/3 - 1721*d**2. What is m(8)?
-16
Suppose 16 = 2*b + 14. Let p be -2 + 5/b + -2. Let f(z) = -6 - z + 4*z**2 + z**3 - p - 5*z**2 - 4*z**2. Determine f(5).
-12
Let o be 8 - (0/1 - 1). Suppose 3*l - v - o - 13 = 0, -5*l + 34 = -v. Let y(b) = -b + 4 + 1 + 8*b - b**2 - 2. Calculate y(l).
9
Let c(m) = -10*m**2 - 11*m**2 + 18*m**2 - 3 - 4*m + 2 + 8. Calculate c(-5).
-48
Let p = 26213/2 + -13103. Let k(o) be the first derivative of -24 + 0*o + p*o**4 + 1/2*o**2 + 0*o**3. Give k(1).
15
Suppose -4*f + 1 + 19 = 4*g, 13 = 5*g + f. Suppose 4 = 2*b - 7*b - 3*i, 0 = 4*b + g*i + 2. Let l(c) = 2*c**3 - 2*c**2 + 1. Calculate l(b).
1
Let j(u) = u**2 + 12*u - 16*u + 2*u - 2*u + 23 - 18*u. What is j(21)?
2
Suppose -5*q - 5*d - 111 + 286 = 0, 0 = 4*q + d - 113. Let v(p) be the first derivative of 4*p - 1/2*p**2 - q. Determine v(0).
4
Let m(n) be the first derivative of -2*n**3/3 - 3*n**2 + 7*n - 11. Let o be (40/(-150)*(-5)/2)/((-88)/660). Determine m(o).
-13
Let s(d) = -45*d + 5. Let k = 1092 - 1094. Calculate s(k).
95
Let b(o) = 4*o + 39. Let v be ((-12)/2)/(-6) + -8 + -1. Determine b(v).
7
Let i be (-22)/(-18) + 566/(-2547). Let b(f) = -36*f**3 + f**2 - 2*f + 1. What is b(i)?
-36
Let o = 33 + -55. Let d = 14 + o. Let l(g) = -g**3 - 769*g**2 + 326*g**2 + 436*g**2 + 7*g. Give l(d).
8
Let x(n) be the third derivative of -19*n**6/360 - n**5/60 + n**4/24 - 131*n**3/6 - 81*n**2. Let k(z) be the first derivative of x(z). Calculate k(1).
-20
Suppose 5*n - 3 - 7 = 0. Let x(h) = -3*h + h**2 + 1 + h**3 + h + 4*h**n. Let p be 20*(7/(-60) + 6/(-45)). Give x(p).
11
Let r(s) be the third derivative of s**5/60 + s**4/3 + 7*s**3/6 - s**2. Let o = 28 - -23. Let k be (-6)/o - 702/102. What is r(k)?
0
Let f = -226 + 231. Let r(s) = -s**2 + 9*s - 3. Let i(h) = -3*h**2 + 18*h - 3. Let m(z) = f*r(z) - 2*i(z). Determine m(-9).
-9
Let r(x) be the first derivative of -1/3*x**3 - 4*x**2 - 21 + 8*x. Let o(m) be the first derivative of r(m). Determine o(-6).
4
Suppose 4*f = 17*w - 16*w + 22, -25 = 4*w + 5*f. Let m(l) = 10*l + 7 - 7 + l**2 + 0. Calculate m(w).
0
Let r(g) = -g**2 + 7*g + 1. Let m be r(5). Let i = 16 - m. Let c(d) = -d**2 - 8 - d + 5*d + 25 - 11 + 2*d. What is c(i)?
11
Let m(x) = 4 - x**2 - 41*x + 27*x + 6 - 21. Give m(-8).
37
Let z(m) = -m**2 + 17*m + 73. Let i = 9357 - 9336. Give z(i).
-11
Let m(j) be the third derivative of j**4/24 - 25*j**3/6 + 1414*j**2. Determine m(5).
-20
Let m(k) = -4*k + 1. Let g be ((-10)/(-4) + -1)/(8/(-16)). Let j(f) = f. Let d(n) = g*j(n) - m(n). Suppose -10*a + 12*a = -4. What is d(a)?
-3
Let w(o) be the third derivative of 2*o**3 + 0 - 5/24*o**4 + 1/12*o**5 + 0*o + 6*o**2 + 1/120*o**6. Give w(-6).
6
Let w(v) = -6*v - 1. Let l be w(-1). Let y(s) = -4 - 21*s**2 - 23*s**2 + 8 - 15*s**2 - 3*s - 25*s**2 + 85*s**2. Determine y(l).
14
Let q(a) = -5*a**2 + a**2 + 10*a + 55*a**2 - 52*a**2 - 16. What is q(8)?
0
Let q(t) = -25*t**2 + 27*t**2 + 3*t - 44 - 50 - t**3 + 142 - 45. Determine q(-2).
13
Let r(n) = 20*n + 1291. Let h(j) = 13*j + 855. Let l(u) = -7*h(u) + 5*r(u). What is l(-52)?
2
Let z(u) = 11237*u - 125 - 11259*u + 120. Determine z(-2).
39
Let u(q) = -3 - 48452*q + 48453*q + 6. Let l be (-1)/(4 - 6/2). Let r(f) = 3*f**3 + f**2 + f. Let b be r(l). What is u(b)?
0
Let y(j) = j + 27. Let f = -65 + 53. Let w(c) = -c**3 - 13*c**2 - 8*c + 36. Let u be w(f). Calculate y(u).
15
Let r be (-2)/13 + 1280/(-130). Let s(k) = -2*k - 17. Let z be s(r). Let l(c) = -3 - 27*c**2 + 22*c**2 + 3*c + 5*c**3 - 4*c**z. Determine l(2).
-9
Let t be 70 + 4/(8/10). Let g(i) = i**2 + 75*i - 151*i + t*i. Let j be (2 - -2) + (-10)/2. What is g(j)?
2
Let k(f) = 2*f**2 - 2*f + 1. Let w be k(2). Let n(b) = -207*b**2 - 155*b. Let x(m) = 73*m**2 + 55*m. Let v(u) = -6*n(u) - 17*x(u). What is v(w)?
0
Let r be 2 - 0*1/(-3). Suppose r*x + 0*x + 4 = 0. Let m(y) = 3*y**2 - 4*y**3 + 0 + 311*y + 2 + 5*y**3 - 307*y. What is m(x)?
-2
Let b = -120 + 108. Let f be b*((-273)/28)/(-13). Let u(n) = -n**2 - 8*n. Determine u(f).
-9
Let q(d) = -3*d**2 - 377 - 375 + 1128 - 377 + 2*d**2. Give q(-6).
-37
Let i(b) = -b**3 - 3*b**2 + b - 4. Suppose 3*c + 3*d = 2*d + 101, 4*c + 3*d - 138 = 0. Let u = -17 + c. Suppose 0 = 4*m + u. What is i(m)?
8
Let b = 136 + -134. Let g(z) = 11*z**2 - 2*z**2 - 6*z**2 - 9 - 4*z**b + 8*z. Calculate g(6).
3
Let h(p) = p - 9 + 0*p - 6. Suppose -2*j + 2*t = -18, -j + 0*t + 25 = -5*t. Suppose -j*l = v + 25, 9*v - 4*v + 2*l = -10. Determine h(v).
-15
Let f(a) = -326*a + 15. Let d be f(0). Let m(u) = -11*u + 177. What is m(d)?
12
Let c = -41 - -43. Suppose c*x + 8 = n, 3*n - 27 = 3*x - 9. Let s(v) = n*v - 6 - v - 4*v. Give s(7).
-13
Suppose 0 = -2*f - 2*w + 19 - 17, -w - 2 = 0. Let a(r) = -29 + 18 - 10*r + 3*r**3 + 7*r**2 + 10 - 2*r**f. Determine a(-8).
15
Let q = 30 + -31. Let a(g) = -g. Let t(o) be the third derivative of -o**5/60 + o**4/24 - o**3/3 + 4*o**2. Let s(z) = q*t(z) - 6*a(z). What is s(-3)?
-4
Let g(t) = -3*t. Let r(n) be the second derivative of -n**3/6 + n**2 + 3*n. Let z(y) = 6*y - 10. Let u(i) = 14*r(i) + 3*z(i). Let o be u(0). Calculate g(o).
6
Let x(j) = 10*j + 150. Let t = 7448 + -7463. What is x(t)?
0
Let m(r) = -5*r - 2. Let q(a) = -22 - 3*a**2 + 1 + 12 + 10*a. Let i be q(1). Calculate m(i).
8
Let a be 22 - (-2 - (2 - 2)). Suppose 0 = -x + 2, 4*x + 7 = -3*n + a. Let z(t) = 80949 - 4*t + 80953 - 161899. Determine z(n).
-9
Let c(w) = -w**2 + 8*w - 13. Let l be c(3). Let n(p) = l + 0*p - 5 + p + 5*p. Give n(1).
3
Suppose 10*d - 21*d = -2453. Let t = d - 229. Let b(g) = g**3 + 5*g**2 - 6*g + 2. What is b(t)?
2
Let w be 3/(-4)*1024/192*(-6)/(-4). Let b = -2 + -3. Let d(v) = v**2 + v. Let q(s) = 4*s**2 - s + 5. Let x(g) = b*d(g) + q(g). Give x(w).
5
Let w(a) = 16*a + 1443 - 1463 - 6*a - 15*a. What is w(-4)?
0
Suppose -4*k - 4*q - 3352 = 0, 40*k + 4*q - 813 = 41*k. Let x = 834 + k. Let f(s) = -5*s - 5*s + 1 + 6*s. Determine f(x).
-3
Let a(s) = -s**2 + 6*s + 4. Let r(g) = 6*g + 12. Let j be -7 + (-6 + -6)/(-2). Let p be r(j). What is a(p)?
4
Suppose -2*l + 11 = 5. Let u(a) = 19 + 5 - 10 - 2*a + l*a. Determine u(-8).
6
Let v = 14480 + -14480. Let z(t) = -2*t**2 - 12*t + 7. Calcula